y b(-34).
52
Suppose 0 = 4*j + 2*z - 62, 2*z - 4*z = 2*j - 32. Let u = 11 + j. What is the remainder when 4/(-1 - 1) + 1352/26 is divided by u?
24
Suppose 0 = m + 3*u + 6, 0 = -3*m - 8*u + 3*u - 10. Suppose m = 13*c + 3*c - 816. Calculate the remainder when c is divided by 27.
24
Let v be (-28)/(-7) - (10 - 1). Calculate the remainder when 67 is divided by 1*v/15*1*-111.
30
Let a(q) = q - 8. Let y = -7 - -19. Let i be a(y). Suppose -m = i*m - 275. What is the remainder when 217 is divided by m?
52
Suppose 24609 + 17923 = 49*k. Calculate the remainder when k is divided by 213.
16
Let o be 2/(-3) - (2110/(-15) - -1). Let i = -248 + o. Let r = -92 - i. What is the remainder when 66 is divided by r?
15
Let o = 44 + -37. Suppose h + 16 = 3*z, -o*h + 3*h + 5*z - 64 = 0. Let m = h - -21. What is the remainder when 18 is divided by m?
3
What is the remainder when (3 + 545*8/(-48))*-6 is divided by 16?
15
Suppose 73 - 93 = -3*g + 2*m, m + 31 = 5*g. What is the remainder when (-3)/g*(-24612)/14 is divided by 42?
39
Suppose -p + 26 = 5*v, 6*p - p - 90 = -5*v. Suppose -a = p*t - 11*t - 38, -5*a + 70 = -5*t. What is the remainder when 168 is divided by a?
6
Let d be (1 - 31)*15/(-90). What is the remainder when ((-5)/d)/2*174/(-3) is divided by 6?
5
Let a(u) = u**3 - 6*u**2 - 4*u - 21. Let k be a(7). Let j(x) = -6 - 121*x + k + 125*x. What is the remainder when j(8) is divided by 10?
6
Let v(d) = -106*d + 3575. What is the remainder when 140 is divided by v(33)?
63
Calculate the remainder when 1 - (3 + -4) - (-1310)/10 is divided by 70.
63
Let o(z) = -36*z - 120. Let q = 155 - 162. Let s = -28 + 43. Calculate the remainder when o(q) is divided by s.
12
Suppose 8 = -5*g + 4*u + 384, 7*g - 528 = 4*u. What is the remainder when 768 is divided by g?
8
Suppose 61*l = 48*l. Suppose n + l*n = 4*t + 19, -66 = -2*n + t. Calculate the remainder when 278 is divided by n.
33
Let c = -5556 - -5571. Calculate the remainder when 643 is divided by c.
13
Suppose -13*u = -16190 + 3931. What is the remainder when u is divided by 43?
40
Suppose -9*n + 3690 = -15*n. Let l = 622 + n. Calculate the remainder when 1/5 + (-162)/(-15) is divided by l.
4
What is the remainder when (196/20 + -7)*(4 - -126) is divided by 39?
13
Suppose 131 = -t + 2*t - 3*p, 2*p - 106 = -t. Suppose 3*i + 101 = 3*h + 14, -3*i = 4*h - t. What is the remainder when (224/6)/(1 - (-4)/(-6)) is divided by h?
25
Let m = -2656 - -2706. What is the remainder when 891 is divided by m?
41
Let x be (-1)/(-2)*0/((-2)/1). Suppose x = -t - t. Calculate the remainder when (-80 + t)*(-30)/75 is divided by 12.
8
Suppose 9513 + 7623 = 102*r. What is the remainder when r is divided by 152?
16
Suppose -14*z + 44 + 26 = 0. Calculate the remainder when 3*(2 - 1) - (z + -160) is divided by 8.
6
Suppose 4*d - 30*d + 554 = -122. Calculate the remainder when 5093 is divided by d.
23
Suppose 5*w - 5*x = -1053 + 4353, -5*w + 3292 = 3*x. Calculate the remainder when w is divided by 83.
78
Suppose -16*n + 20*n - 787 = -5*w, -3*n = 4*w - 630. Let r = 49 - 25. What is the remainder when w is divided by r?
15
Let w(j) = 17*j. Suppose n = v + 5*n - 14, -10 = v - 2*n. Let p be w(v). What is the remainder when (-1003)/p + (-2)/(-4) is divided by 16?
14
Suppose -2*n + 0*q = -q - 211, 220 = 2*n + 2*q. Let g(y) = -y - 1 - 3 - 9*y + 0*y. What is the remainder when n is divided by g(-4)?
35
What is the remainder when 22*(-54 - 8)/(-2 - 2) is divided by 19?
18
Calculate the remainder when 376 is divided by ((-13)/((-26)/(-12)))/((-8)/124).
4
Let b(k) = 8*k**3 - k**2 - 98*k + 298. What is the remainder when 1037 is divided by b(3)?
193
Let c = -76 + 144. Suppose -98 + 15 = -3*f - 4*b, 3*f = -3*b + 81. What is the remainder when c is divided by f?
18
Let c(w) = -9*w + 55. Let z = 271 + -276. What is the remainder when c(z) is divided by 67?
33
Suppose -5*q - 348 + 68 = -5*l, 0 = 5*l - 3*q - 282. Let z(x) = -1438*x - 44509. Calculate the remainder when z(-31) is divided by l.
12
What is the remainder when (-397562)/(-154) + -3 - (2 - 30/21) is divided by 30?
28
Let b(j) = 14*j**2 + 49 + 4 + 96 - 28*j - 7*j**2 - 6*j**2. What is the remainder when b(23) is divided by 6?
4
Let d be (-2)/5 + (4004/(-20))/(-13). Suppose a = -g + 71, 0*a - d = -5*a. What is the remainder when 266 is divided by g?
62
Let k be (-62)/93 + 1840/6. Let v = k - 183. What is the remainder when v is divided by 56?
11
Let a(g) = g**3 - 11*g - 14. Let b be a(4). Let o(f) = 13*f - 16. Calculate the remainder when o(b) is divided by 6.
2
Let x(q) = -q**2 + 24*q - 76. Let j be x(18). Suppose j*m = 13*m + 1178. Calculate the remainder when 175 is divided by m.
51
Let t = -124 + 126. Suppose t*k + 2*k + 0*k = 0. Suppose -x - 6*x + 231 = k. What is the remainder when 64 is divided by x?
31
Suppose 4*z - 2*r - 68 = -r, 2*r = 0. Suppose -637 = 4*v - z*v. Suppose v = g + 33. What is the remainder when g is divided by 3?
1
Let w be (-1)/(-7)*1 + 1302/147. Suppose -651 = -w*u + 411. Let h(z) = -z**2 - 12*z - 3. What is the remainder when u is divided by h(-10)?
16
Let z(p) be the second derivative of -5*p**3/3 + 71*p**2 + 72*p. Calculate the remainder when 73 is divided by z(13).
1
Let i(s) = -12*s + 1. Let b(o) = o**3 + 6*o**2 + 5*o + 3. Let c be b(-5). Calculate the remainder when i(-5) is divided by ((-1)/c)/(1/(-48)).
13
Let d(n) = n**3 + 7*n**2 - 9*n - 73. Let w be d(-7). What is the remainder when (-9747)/(-63) + w/(-35) is divided by 43?
26
Let u = 13284 - 7567. Calculate the remainder when u is divided by 97.
91
Suppose 4463*q = 4486*q - 3496. What is the remainder when 191 is divided by q?
39
Suppose -r = -6*r. Let a(z) = -z**3 - 2*z**2 - z + 8. Let m be a(r). Let x = 18 - m. What is the remainder when 26 is divided by x?
6
Let r(w) = -10*w**3 - 125*w**2 - 4*w - 48. What is the remainder when r(-13) is divided by 37?
35
Let v = -55865 + 55892. Let u = -16 - -25. What is the remainder when v is divided by u?
0
Let z = 112 + -63. Let g(y) = 24*y - 98. Let t(f) = 17*f - 65. Let m(n) = -5*g(n) + 8*t(n). Calculate the remainder when z is divided by m(3).
13
Let c be ((-12)/3 + 7)/1. Let x be -2*(c - -1 - (1 - -1)). What is the remainder when (1 + x - 2)*(-2 + -7) is divided by 12?
9
Let k = 253 + -251. Suppose -k*z - 4*m = -120, 8*z = 4*z + 3*m + 240. Calculate the remainder when 297 is divided by z.
57
Let k = 43 - 11. Let g = 39993 + -39934. Calculate the remainder when g is divided by k.
27
Suppose -69*i = -70*i + 18. Let j = -39 - -70. Calculate the remainder when 1102*(-4)/(-72) + i/(-81) is divided by j.
30
Let l(i) = i**2 - 6*i - 2. Let o = 262 - 238. Suppose -o - 40 = -4*v. What is the remainder when l(-8) is divided by v?
14
Let o = 91 - 55. Let v = o + -38. Calculate the remainder when v/(4 - 714/177) is divided by 15.
14
Let z(c) = -c**2 + 2*c + 916. What is the remainder when 261 is divided by z(-29)?
6
Let f = 217886 + -217809. Suppose s = 5*s - 40. Calculate the remainder when f is divided by s.
7
Let j(q) = -14*q - 22. Let a be j(-7). Let b = 204 + a. Calculate the remainder when 38 is divided by (12/10)/(42/b).
6
Suppose 0*q + 8 = 3*q + 4*s, -3*q = -5*s - 17. Let y be q/6 + (-4416)/36. Let z = 175 + y. Calculate the remainder when z is divided by 14.
11
Let k = 4128 - -1947. What is the remainder when k is divided by 190?
185
Let g = 16822 - 16740. What is the remainder when 907 is divided by g?
5
Let b(k) = -27*k**3 + k**2 - k - 1. Suppose 27971 = -796*z + 119595 + 39716. What is the remainder when z is divided by b(-1)?
25
Let t = -55 - -74. Let s = -365 - -247. Let v = -82 - s. Calculate the remainder when v is divided by t.
17
Let j = 8648 - 8368. What is the remainder when 521 is divided by j?
241
Suppose 7*w - 5*w + 4*y = 112, 2*w + 5*y = 113. Suppose 8*s - 5*s - w = 0. Let b(u) = u**3 + 5*u**2 + 3*u - 4. What is the remainder when s is divided by b(-3)?
3
Let d(s) be the third derivative of s**4/4 + 33*s**3/2 - 13*s**2. What is the remainder when (-9)/(-6)*68/3 is divided by d(-15)?
7
Let u(d) = -d**2 - 26*d + 13. Let j be u(-17). Let b = 205 - j. Calculate the remainder when b is divided by 7.
4
Let h = -8 + 25. Let d(q) = 2*q + 42. Let k be d(-9). Calculate the remainder when k + 1 + 6/1 is divided by h.
14
Suppose 2*b - 2*r - 232 = 0, b + b + r - 217 = 0. 